{"id":552,"date":"2020-09-22T21:03:24","date_gmt":"2020-09-22T19:03:24","guid":{"rendered":"https:\/\/www.projektbaeredygtighed.dk\/?page_id=552"},"modified":"2021-01-29T14:31:41","modified_gmt":"2021-01-29T12:31:41","slug":"forloeb-til-merkantil-eud","status":"publish","type":"page","link":"https:\/\/www.projektbaeredygtighed.dk\/?page_id=552","title":{"rendered":"Forl\u00f8b til merkantil EUD"},"content":{"rendered":"\n<p>Tryk p\u00e5 det fag, du s\u00f8ger forl\u00f8b til.<\/p>\n\n\n<ul class=\"wp-block-latest-posts__list is-grid columns-3 topicbox wp-block-latest-posts\"><li><a class=\"wp-block-latest-posts__post-title\" href=\"https:\/\/www.projektbaeredygtighed.dk\/?p=1358\">Afs\u00e6tning<\/a><\/li>\n<li><a class=\"wp-block-latest-posts__post-title\" href=\"https:\/\/www.projektbaeredygtighed.dk\/?p=1053\">Dansk<\/a><\/li>\n<li><a class=\"wp-block-latest-posts__post-title\" href=\"https:\/\/www.projektbaeredygtighed.dk\/?p=1043\">Engelsk<\/a><\/li>\n<li><a class=\"wp-block-latest-posts__post-title\" href=\"https:\/\/www.projektbaeredygtighed.dk\/?p=1046\">Erhvervsfag<\/a><\/li>\n<li><a class=\"wp-block-latest-posts__post-title\" href=\"https:\/\/www.projektbaeredygtighed.dk\/?p=1057\">Samfundsfag<\/a><\/li>\n<li><a class=\"wp-block-latest-posts__post-title\" href=\"https:\/\/www.projektbaeredygtighed.dk\/?p=1022\">Tv\u00e6rfaglige forl\u00f8b<\/a><\/li>\n<\/ul>\n\n\n<script>\nvar collections = window.document.getElementsByClassName(\"topicbox\");\nfor (let collection of collections) {\n    for (let element of collection.children) {\n        element.onclick = function(){\n            element.children[0].click();\n        }\n    }    \n}\n<\/script>\n","protected":false},"excerpt":{"rendered":"<p>Tryk p\u00e5 det fag, du s\u00f8ger forl\u00f8b til.<\/p>\n","protected":false},"author":2,"featured_media":0,"parent":102,"menu_order":0,"comment_status":"closed","ping_status":"closed","template":"","meta":{"qubely_global_settings":"","qubely_interactions":"","_coblocks_attr":"","_coblocks_dimensions":"","_coblocks_responsive_height":"","_coblocks_accordion_ie_support":"","_uag_custom_page_level_css":"","footnotes":""},"class_list":["post-552","page","type-page","status-publish","hentry"],"featured_image_urls_v2":{"full":"","thumbnail":"","medium":"","medium_large":"","large":"","1536x1536":"","2048x2048":"","ab-block-post-grid-landscape":"","ab-block-post-grid-square":"","qubely_landscape":"","qubely_portrait":"","qubely_thumbnail":""},"post_excerpt_stackable_v2":"<p>Tryk p\u00e5 det fag, du s\u00f8ger forl\u00f8b til. Afs\u00e6tning Dansk Engelsk Erhvervsfag Samfundsfag Tv\u00e6rfaglige forl\u00f8b<\/p>\n","category_list_v2":"","author_info_v2":{"name":"Mai Kl\u00e6rke","url":"https:\/\/www.projektbaeredygtighed.dk\/?author=2"},"comments_num_v2":"0 comments","featured_image_src":null,"featured_image_src_square":null,"uagb_featured_image_src":{"full":false,"thumbnail":false,"medium":false,"medium_large":false,"large":false,"1536x1536":false,"2048x2048":false,"ab-block-post-grid-landscape":false,"ab-block-post-grid-square":false,"qubely_landscape":false,"qubely_portrait":false,"qubely_thumbnail":false},"uagb_author_info":{"display_name":"Mai Kl\u00e6rke","author_link":"https:\/\/www.projektbaeredygtighed.dk\/?author=2"},"uagb_comment_info":0,"uagb_excerpt":"Tryk p\u00e5 det fag, du s\u00f8ger forl\u00f8b til.","_links":{"self":[{"href":"https:\/\/www.projektbaeredygtighed.dk\/index.php?rest_route=\/wp\/v2\/pages\/552","targetHints":{"allow":["GET"]}}],"collection":[{"href":"https:\/\/www.projektbaeredygtighed.dk\/index.php?rest_route=\/wp\/v2\/pages"}],"about":[{"href":"https:\/\/www.projektbaeredygtighed.dk\/index.php?rest_route=\/wp\/v2\/types\/page"}],"author":[{"embeddable":true,"href":"https:\/\/www.projektbaeredygtighed.dk\/index.php?rest_route=\/wp\/v2\/users\/2"}],"replies":[{"embeddable":true,"href":"https:\/\/www.projektbaeredygtighed.dk\/index.php?rest_route=%2Fwp%2Fv2%2Fcomments&post=552"}],"version-history":[{"count":3,"href":"https:\/\/www.projektbaeredygtighed.dk\/index.php?rest_route=\/wp\/v2\/pages\/552\/revisions"}],"predecessor-version":[{"id":1045,"href":"https:\/\/www.projektbaeredygtighed.dk\/index.php?rest_route=\/wp\/v2\/pages\/552\/revisions\/1045"}],"up":[{"embeddable":true,"href":"https:\/\/www.projektbaeredygtighed.dk\/index.php?rest_route=\/wp\/v2\/pages\/102"}],"wp:attachment":[{"href":"https:\/\/www.projektbaeredygtighed.dk\/index.php?rest_route=%2Fwp%2Fv2%2Fmedia&parent=552"}],"curies":[{"name":"wp","href":"https:\/\/api.w.org\/{rel}","templated":true}]}}