{"id":497,"date":"2020-09-22T12:29:16","date_gmt":"2020-09-22T10:29:16","guid":{"rendered":"https:\/\/www.projektbaeredygtighed.dk\/?page_id=497"},"modified":"2022-03-24T13:31:25","modified_gmt":"2022-03-24T11:31:25","slug":"til-deltagende-undervisere","status":"publish","type":"page","link":"https:\/\/www.projektbaeredygtighed.dk\/?page_id=497","title":{"rendered":"Til deltagende undervisere"},"content":{"rendered":"\n<p>Som underviser i projektet er du med til at brede undervisningen om b\u00e6redygtighed ud til andre undervisningsinstitutioner. Dette sker ved, at du udfylder skabelonen til forl\u00f8bsbeskrivelsen, som du kan hente her: <\/p>\n\n\n\n<div class=\"wp-block-buttons is-content-justification-center is-layout-flex wp-container-core-buttons-is-layout-16018d1d wp-block-buttons-is-layout-flex\">\n<div class=\"wp-block-button\"><a class=\"wp-block-button__link has-background\" href=\"https:\/\/www.projektbaeredygtighed.dk\/wp-content\/uploads\/2020\/10\/Skabelon-Forloebsbeskrivelse-vers-6.docx\" style=\"background-color:#45ef6d\">Download skabelon til forl\u00f8bsbeskrivelse<\/a><\/div>\n<\/div>\n\n\n\n<p><\/p>\n\n\n\n<p>N\u00e5r du er f\u00e6rdig med at udfylde skabelonen til forl\u00f8bet, skal du gemme og sende filen til od@toha.dk, s\u00e5 bliver dit forl\u00f8b senere uploadet til hjemmesiden under \u201dUndervisningsforl\u00f8b&#8221;. <\/p>\n\n\n\n<div class=\"wp-block-image is-style-default\"><figure class=\"aligncenter size-large is-resized\"><img loading=\"lazy\" decoding=\"async\" src=\"https:\/\/www.projektbaeredygtighed.dk\/wp-content\/uploads\/2020\/09\/logo-med-tekst-1024x276.png\" alt=\"\" class=\"wp-image-311\" width=\"512\" height=\"138\" srcset=\"https:\/\/www.projektbaeredygtighed.dk\/wp-content\/uploads\/2020\/09\/logo-med-tekst-1024x276.png 1024w, https:\/\/www.projektbaeredygtighed.dk\/wp-content\/uploads\/2020\/09\/logo-med-tekst-300x81.png 300w, https:\/\/www.projektbaeredygtighed.dk\/wp-content\/uploads\/2020\/09\/logo-med-tekst-768x207.png 768w, https:\/\/www.projektbaeredygtighed.dk\/wp-content\/uploads\/2020\/09\/logo-med-tekst.png 1206w\" sizes=\"auto, (max-width: 512px) 100vw, 512px\" \/><\/figure><\/div>\n","protected":false},"excerpt":{"rendered":"<p>Som underviser i projektet er du med til at brede undervisningen om b\u00e6redygtighed ud til andre undervisningsinstitutioner. Dette sker ved, at du udfylder skabelonen til forl\u00f8bsbeskrivelsen, som du kan hente her: N\u00e5r du er f\u00e6rdig med at udfylde skabelonen til forl\u00f8bet, skal du gemme og sende filen til od@toha.dk, s\u00e5 bliver dit forl\u00f8b senere uploadet [&hellip;]<\/p>\n","protected":false},"author":2,"featured_media":0,"parent":0,"menu_order":0,"comment_status":"closed","ping_status":"closed","template":"","meta":{"qubely_global_settings":"","qubely_interactions":"","_coblocks_attr":"","_coblocks_dimensions":"","_coblocks_responsive_height":"","_coblocks_accordion_ie_support":"","_uag_custom_page_level_css":"","footnotes":""},"class_list":["post-497","page","type-page","status-publish","hentry"],"featured_image_urls_v2":{"full":"","thumbnail":"","medium":"","medium_large":"","large":"","1536x1536":"","2048x2048":"","ab-block-post-grid-landscape":"","ab-block-post-grid-square":"","qubely_landscape":"","qubely_portrait":"","qubely_thumbnail":""},"post_excerpt_stackable_v2":"<p>Som underviser i projektet er du med til at brede undervisningen om b\u00e6redygtighed ud til andre undervisningsinstitutioner. Dette sker ved, at du udfylder skabelonen til forl\u00f8bsbeskrivelsen, som du kan hente her: Download skabelon til forl\u00f8bsbeskrivelse N\u00e5r du er f\u00e6rdig med at udfylde skabelonen til forl\u00f8bet, skal du gemme og sende filen til od@toha.dk, s\u00e5 bliver dit forl\u00f8b senere uploadet til hjemmesiden under \u201dUndervisningsforl\u00f8b&#8221;.<\/p>\n","category_list_v2":"","author_info_v2":{"name":"Mai Kl\u00e6rke","url":"https:\/\/www.projektbaeredygtighed.dk\/?author=2"},"comments_num_v2":"0 comments","featured_image_src":null,"featured_image_src_square":null,"uagb_featured_image_src":{"full":false,"thumbnail":false,"medium":false,"medium_large":false,"large":false,"1536x1536":false,"2048x2048":false,"ab-block-post-grid-landscape":false,"ab-block-post-grid-square":false,"qubely_landscape":false,"qubely_portrait":false,"qubely_thumbnail":false},"uagb_author_info":{"display_name":"Mai Kl\u00e6rke","author_link":"https:\/\/www.projektbaeredygtighed.dk\/?author=2"},"uagb_comment_info":0,"uagb_excerpt":"Som underviser i projektet er du med til at brede undervisningen om b\u00e6redygtighed ud til andre undervisningsinstitutioner. Dette sker ved, at du udfylder skabelonen til forl\u00f8bsbeskrivelsen, som du kan hente her: N\u00e5r du er f\u00e6rdig med at udfylde skabelonen til forl\u00f8bet, skal du gemme og sende filen til od@toha.dk, s\u00e5 bliver dit forl\u00f8b senere uploadet&hellip;","_links":{"self":[{"href":"https:\/\/www.projektbaeredygtighed.dk\/index.php?rest_route=\/wp\/v2\/pages\/497","targetHints":{"allow":["GET"]}}],"collection":[{"href":"https:\/\/www.projektbaeredygtighed.dk\/index.php?rest_route=\/wp\/v2\/pages"}],"about":[{"href":"https:\/\/www.projektbaeredygtighed.dk\/index.php?rest_route=\/wp\/v2\/types\/page"}],"author":[{"embeddable":true,"href":"https:\/\/www.projektbaeredygtighed.dk\/index.php?rest_route=\/wp\/v2\/users\/2"}],"replies":[{"embeddable":true,"href":"https:\/\/www.projektbaeredygtighed.dk\/index.php?rest_route=%2Fwp%2Fv2%2Fcomments&post=497"}],"version-history":[{"count":16,"href":"https:\/\/www.projektbaeredygtighed.dk\/index.php?rest_route=\/wp\/v2\/pages\/497\/revisions"}],"predecessor-version":[{"id":1391,"href":"https:\/\/www.projektbaeredygtighed.dk\/index.php?rest_route=\/wp\/v2\/pages\/497\/revisions\/1391"}],"wp:attachment":[{"href":"https:\/\/www.projektbaeredygtighed.dk\/index.php?rest_route=%2Fwp%2Fv2%2Fmedia&parent=497"}],"curies":[{"name":"wp","href":"https:\/\/api.w.org\/{rel}","templated":true}]}}