{"id":34,"date":"2020-09-10T16:47:27","date_gmt":"2020-09-10T16:47:27","guid":{"rendered":"https:\/\/www.projektbaeredygtighed.dk\/?page_id=34"},"modified":"2023-04-13T11:15:32","modified_gmt":"2023-04-13T09:15:32","slug":"om-projektet","status":"publish","type":"page","link":"https:\/\/www.projektbaeredygtighed.dk\/?page_id=34","title":{"rendered":"Om projektet"},"content":{"rendered":"\n<p><\/p>\n\n\n\n<div class=\"wp-block-image is-style-default\"><figure class=\"aligncenter size-large is-resized\"><img loading=\"lazy\" decoding=\"async\" src=\"https:\/\/www.projektbaeredygtighed.dk\/wp-content\/uploads\/2020\/09\/logo-med-tekst-1024x276.png\" alt=\"\" class=\"wp-image-311\" width=\"512\" height=\"138\" srcset=\"https:\/\/www.projektbaeredygtighed.dk\/wp-content\/uploads\/2020\/09\/logo-med-tekst-1024x276.png 1024w, https:\/\/www.projektbaeredygtighed.dk\/wp-content\/uploads\/2020\/09\/logo-med-tekst-300x81.png 300w, https:\/\/www.projektbaeredygtighed.dk\/wp-content\/uploads\/2020\/09\/logo-med-tekst-768x207.png 768w, https:\/\/www.projektbaeredygtighed.dk\/wp-content\/uploads\/2020\/09\/logo-med-tekst.png 1206w\" sizes=\"auto, (max-width: 512px) 100vw, 512px\" \/><\/figure><\/div>\n\n\n\n<p><\/p>\n\n\n\n<p>Projekt B\u00e6redygtighed Lokalt og Globalt er et syddansk regionalt udviklingsprojekt rettet mod gymnasiale- og erhvervsuddannelser. Projektet har som hovedm\u00e5l at udvikle forl\u00f8b og undervisningstiltag, som kan anvendes inden for undervisningssektoren. De udviklede forl\u00f8b bliver l\u00f8bende offenliggjort p\u00e5 denne hjemmeside under &#8220;Undervisningsforl\u00f8b&#8221;. Ligeledes er det projektets m\u00e5l at inspirere til, hvordan man ogs\u00e5 uden for og p\u00e5 tv\u00e6rs af fag kan arbejde med b\u00e6redygtighed. En s\u00e5dan inspiration finder man her p\u00e5 siden under menupunktet &#8220;Nyheder&#8221;. <\/p>\n\n\n\n<p><br>Projektet tager udgangspunkt i de b\u00e6redygtighedsdefinitioner, som f\u00f8lger med FN&#8217;s 17 verdensm\u00e5l. S\u00e5ledes finder projektet sin basis i en b\u00e6redygtighedsdefinition, der kan opdeles i biosf\u00e6risk, samfundsm\u00e6ssig og \u00f8konomisk b\u00e6redygtighed. Man kan l\u00e6se mere om FN&#8217;s verdensm\u00e5l<a rel=\"noreferrer noopener\" href=\"https:\/\/www.verdensmaalene.dk\/\" target=\"_blank\"> <\/a><a rel=\"noreferrer noopener\" href=\"http:\/\/www.verdensmaal.org\" data-type=\"URL\" data-id=\"www.verdensmaal.org\" target=\"_blank\">her<\/a>.<\/p>\n\n\n\n<div class=\"wp-block-image is-style-default\"><figure class=\"aligncenter size-large is-resized\"><img loading=\"lazy\" decoding=\"async\" src=\"https:\/\/www.projektbaeredygtighed.dk\/wp-content\/uploads\/2020\/09\/grid-with-title-1024x686.jpg\" alt=\"\" class=\"wp-image-408\" width=\"768\" height=\"515\" srcset=\"https:\/\/www.projektbaeredygtighed.dk\/wp-content\/uploads\/2020\/09\/grid-with-title-1024x686.jpg 1024w, https:\/\/www.projektbaeredygtighed.dk\/wp-content\/uploads\/2020\/09\/grid-with-title-300x201.jpg 300w, https:\/\/www.projektbaeredygtighed.dk\/wp-content\/uploads\/2020\/09\/grid-with-title-768x514.jpg 768w, https:\/\/www.projektbaeredygtighed.dk\/wp-content\/uploads\/2020\/09\/grid-with-title-1536x1029.jpg 1536w, https:\/\/www.projektbaeredygtighed.dk\/wp-content\/uploads\/2020\/09\/grid-with-title-2048x1372.jpg 2048w\" sizes=\"auto, (max-width: 768px) 100vw, 768px\" \/><\/figure><\/div>\n\n\n\n<p>Projektet vil via samskabelse mellem uddannelse, erhverv og FN&#8217;s verdensm\u00e5l motivere og dygtigg\u00f8re unge mennesker i Region Syddanmark, s\u00e5 de kan handle b\u00e5de med hjerne og hjerte i forhold til b\u00e6redygtighedsproblematikkerne. Mere konkret vil projektet s\u00e6tte fokus p\u00e5 b\u00e6redygtighed, idet det g\u00f8r erhvervsuddannelserne og de gymnasiale uddannelser mere attraktive for de unge og motiverer dem til at gennemf\u00f8re en uddannelse. S\u00e5ledes underst\u00f8tter projektet p\u00e5 det helt overordnede niveau b\u00e5de 90% og 60% m\u00e5ls\u00e6tningen om, at 90% af en ungdoms\u00e5rgang skal gennemf\u00f8re en ungdomsuddannelse, og 60% af en ungdoms\u00e5rgang skal gennemf\u00f8re en videreg\u00e5ende uddannelse. <\/p>\n\n\n\n<div class=\"wp-block-columns is-layout-flex wp-container-core-columns-is-layout-9d6595d7 wp-block-columns-is-layout-flex\">\n<div class=\"wp-block-column is-layout-flow wp-block-column-is-layout-flow\">\n<p>Projektets prim\u00e6re partnere:<\/p>\n\n\n\n<ul class=\"wp-block-list\" id=\"block-2f787c57-baca-4c5a-89a6-8fb937a659c1\"><li>Region Syddanmark<\/li><li>T\u00f8nder Handelsskole &amp; Det Bl\u00e5 Gymnasium i T\u00f8nder<\/li><li>Business College Syd<\/li><li>EUC Syd<\/li><li>VUC S\u00f8nderjylland<\/li><\/ul>\n<\/div>\n\n\n\n<div class=\"wp-block-column is-layout-flow wp-block-column-is-layout-flow\">\n<p>Projektets \u00f8vrige partnere:<\/p>\n\n\n\n<ul class=\"wp-block-list\" id=\"block-9f745970-fd92-4ac5-be16-6e3b6d05cb56\"><li>De s\u00f8nderjyske kommuner<\/li><li>House of Science, S\u00f8nderborg<\/li><li>T\u00f8nder Gymnasium og HF<\/li><li>Mind Factory by Ecco<\/li><li>Danske Erhvervsskoler og Gymnasier <\/li><li>Erhvervsr\u00e5dene i de s\u00f8nderjyske kommuner<\/li><\/ul>\n<\/div>\n<\/div>\n","protected":false},"excerpt":{"rendered":"<p>Projekt B\u00e6redygtighed Lokalt og Globalt er et syddansk regionalt udviklingsprojekt rettet mod gymnasiale- og erhvervsuddannelser. Projektet har som hovedm\u00e5l at udvikle forl\u00f8b og undervisningstiltag, som kan anvendes inden for undervisningssektoren. De udviklede forl\u00f8b bliver l\u00f8bende offenliggjort p\u00e5 denne hjemmeside under &#8220;Undervisningsforl\u00f8b&#8221;. Ligeledes er det projektets m\u00e5l at inspirere til, hvordan man ogs\u00e5 uden for og [&hellip;]<\/p>\n","protected":false},"author":2,"featured_media":0,"parent":0,"menu_order":0,"comment_status":"closed","ping_status":"closed","template":"","meta":{"qubely_global_settings":"","qubely_interactions":"","_coblocks_attr":"","_coblocks_dimensions":"","_coblocks_responsive_height":"","_coblocks_accordion_ie_support":"","_uag_custom_page_level_css":"","footnotes":""},"class_list":["post-34","page","type-page","status-publish","hentry"],"featured_image_urls_v2":{"full":"","thumbnail":"","medium":"","medium_large":"","large":"","1536x1536":"","2048x2048":"","ab-block-post-grid-landscape":"","ab-block-post-grid-square":"","qubely_landscape":"","qubely_portrait":"","qubely_thumbnail":""},"post_excerpt_stackable_v2":"<p>Projekt B\u00e6redygtighed Lokalt og Globalt er et syddansk regionalt udviklingsprojekt rettet mod gymnasiale- og erhvervsuddannelser. Projektet har som hovedm\u00e5l at udvikle forl\u00f8b og undervisningstiltag, som kan anvendes inden for undervisningssektoren. De udviklede forl\u00f8b bliver l\u00f8bende offenliggjort p\u00e5 denne hjemmeside under &#8220;Undervisningsforl\u00f8b&#8221;. Ligeledes er det projektets m\u00e5l at inspirere til, hvordan man ogs\u00e5 uden for og p\u00e5 tv\u00e6rs af fag kan arbejde med b\u00e6redygtighed. En s\u00e5dan inspiration finder man her p\u00e5 siden under menupunktet &#8220;Nyheder&#8221;. Projektet tager udgangspunkt i de b\u00e6redygtighedsdefinitioner, som f\u00f8lger med FN&#8217;s 17 verdensm\u00e5l. S\u00e5ledes finder projektet sin basis i en b\u00e6redygtighedsdefinition, der kan opdeles i biosf\u00e6risk, samfundsm\u00e6ssig&hellip;<\/p>\n","category_list_v2":"","author_info_v2":{"name":"Mai Kl\u00e6rke","url":"https:\/\/www.projektbaeredygtighed.dk\/?author=2"},"comments_num_v2":"0 comments","featured_image_src":null,"featured_image_src_square":null,"uagb_featured_image_src":{"full":false,"thumbnail":false,"medium":false,"medium_large":false,"large":false,"1536x1536":false,"2048x2048":false,"ab-block-post-grid-landscape":false,"ab-block-post-grid-square":false,"qubely_landscape":false,"qubely_portrait":false,"qubely_thumbnail":false},"uagb_author_info":{"display_name":"Mai Kl\u00e6rke","author_link":"https:\/\/www.projektbaeredygtighed.dk\/?author=2"},"uagb_comment_info":0,"uagb_excerpt":"Projekt B\u00e6redygtighed Lokalt og Globalt er et syddansk regionalt udviklingsprojekt rettet mod gymnasiale- og erhvervsuddannelser. Projektet har som hovedm\u00e5l at udvikle forl\u00f8b og undervisningstiltag, som kan anvendes inden for undervisningssektoren. De udviklede forl\u00f8b bliver l\u00f8bende offenliggjort p\u00e5 denne hjemmeside under &#8220;Undervisningsforl\u00f8b&#8221;. Ligeledes er det projektets m\u00e5l at inspirere til, hvordan man ogs\u00e5 uden for og&hellip;","_links":{"self":[{"href":"https:\/\/www.projektbaeredygtighed.dk\/index.php?rest_route=\/wp\/v2\/pages\/34","targetHints":{"allow":["GET"]}}],"collection":[{"href":"https:\/\/www.projektbaeredygtighed.dk\/index.php?rest_route=\/wp\/v2\/pages"}],"about":[{"href":"https:\/\/www.projektbaeredygtighed.dk\/index.php?rest_route=\/wp\/v2\/types\/page"}],"author":[{"embeddable":true,"href":"https:\/\/www.projektbaeredygtighed.dk\/index.php?rest_route=\/wp\/v2\/users\/2"}],"replies":[{"embeddable":true,"href":"https:\/\/www.projektbaeredygtighed.dk\/index.php?rest_route=%2Fwp%2Fv2%2Fcomments&post=34"}],"version-history":[{"count":30,"href":"https:\/\/www.projektbaeredygtighed.dk\/index.php?rest_route=\/wp\/v2\/pages\/34\/revisions"}],"predecessor-version":[{"id":1533,"href":"https:\/\/www.projektbaeredygtighed.dk\/index.php?rest_route=\/wp\/v2\/pages\/34\/revisions\/1533"}],"wp:attachment":[{"href":"https:\/\/www.projektbaeredygtighed.dk\/index.php?rest_route=%2Fwp%2Fv2%2Fmedia&parent=34"}],"curies":[{"name":"wp","href":"https:\/\/api.w.org\/{rel}","templated":true}]}}

<p></p>



<div class="wp-block-image is-style-default"><figure class="aligncenter size-large is-resized"><img loading="lazy" decoding="async" src="https://www.projektbaeredygtighed.dk/wp-content/uploads/2020/09/logo-med-tekst-1024x276.png" alt="" class="wp-image-311" width="512" height="138" srcset="https://www.projektbaeredygtighed.dk/wp-content/uploads/2020/09/logo-med-tekst-1024x276.png 1024w, https://www.projektbaeredygtighed.dk/wp-content/uploads/2020/09/logo-med-tekst-300x81.png 300w, https://www.projektbaeredygtighed.dk/wp-content/uploads/2020/09/logo-med-tekst-768x207.png 768w, https://www.projektbaeredygtighed.dk/wp-content/uploads/2020/09/logo-med-tekst.png 1206w" sizes="auto, (max-width: 512px) 100vw, 512px" /></figure></div>



<p></p>



<p>Projekt Bæredygtighed Lokalt og Globalt er et syddansk regionalt udviklingsprojekt rettet mod gymnasiale- og erhvervsuddannelser. Projektet har som hovedmål at udvikle forløb og undervisningstiltag, som kan anvendes inden for undervisningssektoren. De udviklede forløb bliver løbende offenliggjort på denne hjemmeside under &#8220;Undervisningsforløb&#8221;. Ligeledes er det projektets mål at inspirere til, hvordan man også uden for og på tværs af fag kan arbejde med bæredygtighed. En sådan inspiration finder man her på siden under menupunktet &#8220;Nyheder&#8221;. </p>



<p><br>Projektet tager udgangspunkt i de bæredygtighedsdefinitioner, som følger med FN&#8217;s 17 verdensmål. Således finder projektet sin basis i en bæredygtighedsdefinition, der kan opdeles i biosfærisk, samfundsmæssig og økonomisk bæredygtighed. Man kan læse mere om FN&#8217;s verdensmål<a rel="noreferrer noopener" href="https://www.verdensmaalene.dk/" target="_blank"> </a><a rel="noreferrer noopener" href="http://www.verdensmaal.org" data-type="URL" data-id="www.verdensmaal.org" target="_blank">her</a>.</p>



<div class="wp-block-image is-style-default"><figure class="aligncenter size-large is-resized"><img loading="lazy" decoding="async" src="https://www.projektbaeredygtighed.dk/wp-content/uploads/2020/09/grid-with-title-1024x686.jpg" alt="" class="wp-image-408" width="768" height="515" srcset="https://www.projektbaeredygtighed.dk/wp-content/uploads/2020/09/grid-with-title-1024x686.jpg 1024w, https://www.projektbaeredygtighed.dk/wp-content/uploads/2020/09/grid-with-title-300x201.jpg 300w, https://www.projektbaeredygtighed.dk/wp-content/uploads/2020/09/grid-with-title-768x514.jpg 768w, https://www.projektbaeredygtighed.dk/wp-content/uploads/2020/09/grid-with-title-1536x1029.jpg 1536w, https://www.projektbaeredygtighed.dk/wp-content/uploads/2020/09/grid-with-title-2048x1372.jpg 2048w" sizes="auto, (max-width: 768px) 100vw, 768px" /></figure></div>



<p>Projektet vil via samskabelse mellem uddannelse, erhverv og FN&#8217;s verdensmål motivere og dygtiggøre unge mennesker i Region Syddanmark, så de kan handle både med hjerne og hjerte i forhold til bæredygtighedsproblematikkerne. Mere konkret vil projektet sætte fokus på bæredygtighed, idet det gør erhvervsuddannelserne og de gymnasiale uddannelser mere attraktive for de unge og motiverer dem til at gennemføre en uddannelse. Således understøtter projektet på det helt overordnede niveau både 90% og 60% målsætningen om, at 90% af en ungdomsårgang skal gennemføre en ungdomsuddannelse, og 60% af en ungdomsårgang skal gennemføre en videregående uddannelse. </p>



<div class="wp-block-columns is-layout-flex wp-container-core-columns-is-layout-9d6595d7 wp-block-columns-is-layout-flex">
<div class="wp-block-column is-layout-flow wp-block-column-is-layout-flow">
<p>Projektets primære partnere:</p>



<ul class="wp-block-list" id="block-2f787c57-baca-4c5a-89a6-8fb937a659c1"><li>Region Syddanmark</li><li>Tønder Handelsskole &amp; Det Blå Gymnasium i Tønder</li><li>Business College Syd</li><li>EUC Syd</li><li>VUC Sønderjylland</li></ul>
</div>



<div class="wp-block-column is-layout-flow wp-block-column-is-layout-flow">
<p>Projektets øvrige partnere:</p>



<ul class="wp-block-list" id="block-9f745970-fd92-4ac5-be16-6e3b6d05cb56"><li>De sønderjyske kommuner</li><li>House of Science, Sønderborg</li><li>Tønder Gymnasium og HF</li><li>Mind Factory by Ecco</li><li>Danske Erhvervsskoler og Gymnasier </li><li>Erhvervsrådene i de sønderjyske kommuner</li></ul>
</div>
</div>

<p>Projekt Bæredygtighed Lokalt og Globalt er et syddansk regionalt udviklingsprojekt rettet mod gymnasiale- og erhvervsuddannelser. Projektet har som hovedmål at udvikle forløb og undervisningstiltag, som kan anvendes inden for undervisningssektoren. De udviklede forløb bliver løbende offenliggjort på denne hjemmeside under &#8220;Undervisningsforløb&#8221;. Ligeledes er det projektets mål at inspirere til, hvordan man også uden for og [&hellip;]</p>

<p>Projekt Bæredygtighed Lokalt og Globalt er et syddansk regionalt udviklingsprojekt rettet mod gymnasiale- og erhvervsuddannelser. Projektet har som hovedmål at udvikle forløb og undervisningstiltag, som kan anvendes inden for undervisningssektoren. De udviklede forløb bliver løbende offenliggjort på denne hjemmeside under &#8220;Undervisningsforløb&#8221;. Ligeledes er det projektets mål at inspirere til, hvordan man også uden for og på tværs af fag kan arbejde med bæredygtighed. En sådan inspiration finder man her på siden under menupunktet &#8220;Nyheder&#8221;. Projektet tager udgangspunkt i de bæredygtighedsdefinitioner, som følger med FN&#8217;s 17 verdensmål. Således finder projektet sin basis i en bæredygtighedsdefinition, der kan opdeles i biosfærisk, samfundsmæssig&hellip;</p>

Mai Klærke

Projekt Bæredygtighed Lokalt og Globalt er et syddansk regionalt udviklingsprojekt rettet mod gymnasiale- og erhvervsuddannelser. Projektet har som hovedmål at udvikle forløb og undervisningstiltag, som kan anvendes inden for undervisningssektoren. De udviklede forløb bliver løbende offenliggjort på denne hjemmeside under &#8220;Undervisningsforløb&#8221;. Ligeledes er det projektets mål at inspirere til, hvordan man også uden for og&hellip;
