{"id":102,"date":"2020-09-10T18:23:30","date_gmt":"2020-09-10T18:23:30","guid":{"rendered":"https:\/\/www.projektbaeredygtighed.dk\/?page_id=102"},"modified":"2020-09-24T16:23:20","modified_gmt":"2020-09-24T14:23:20","slug":"undervisningsforloeb","status":"publish","type":"page","link":"https:\/\/www.projektbaeredygtighed.dk\/?page_id=102","title":{"rendered":"Undervisningsforl\u00f8b"},"content":{"rendered":"\n<div class=\"wp-block-ugb-feature-grid ugb-feature-grid ugb-591f619 ugb-feature-grid--v2 ugb-feature-grid--columns-3 ugb-feature-grid--design-basic ugb-main-block\" id=\"\"><style>.ugb-591f619 .ugb-button .ugb-button--inner{color:#45ef6d !important}<\/style><div class=\"ugb-inner-block\"><div class=\"ugb-block-content\"><div class=\"ugb-feature-grid__item ugb-feature-grid__item1\"><div class=\"ugb-feature-grid__content\"><h4 class=\"ugb-feature-grid__title\">Forl\u00f8b til gymnasiale fag<\/h4><div class=\"ugb-button-container\"><a class=\"ugb-button ugb-button--size-normal ugb-button--design-plain\" href=\"https:\/\/www.projektbaeredygtighed.dk\/?page_id=465\" rel=\"\" title=\"\"><span class=\"ugb-button--inner\">L\u00e6s mere<\/span><\/a><\/div><\/div><\/div><div class=\"ugb-feature-grid__item ugb-feature-grid__item2\"><div class=\"ugb-feature-grid__content\"><h4 class=\"ugb-feature-grid__title\">Forl\u00f8b til teknisk EUD<\/h4><div class=\"ugb-button-container\"><a class=\"ugb-button ugb-button--size-normal ugb-button--design-plain\" href=\"https:\/\/www.projektbaeredygtighed.dk\/?page_id=546\" rel=\"\" title=\"\"><span class=\"ugb-button--inner\">L\u00e6s mere<\/span><\/a><\/div><\/div><\/div><div class=\"ugb-feature-grid__item ugb-feature-grid__item3\"><div class=\"ugb-feature-grid__content\"><h4 class=\"ugb-feature-grid__title\">Forl\u00f8b til merkantil EUD<\/h4><div class=\"ugb-button-container\"><a class=\"ugb-button ugb-button--size-normal ugb-button--design-plain\" href=\"https:\/\/www.projektbaeredygtighed.dk\/?page_id=552\" rel=\"\" title=\"\"><span class=\"ugb-button--inner\">L\u00e6s mere<\/span><\/a><\/div><\/div><\/div><\/div><\/div><\/div>\n","protected":false},"excerpt":{"rendered":"<p>Forl\u00f8b til gymnasiale fag L\u00e6s mere Forl\u00f8b til teknisk EUD L\u00e6s mere Forl\u00f8b til merkantil EUD L\u00e6s mere<\/p>\n","protected":false},"author":2,"featured_media":0,"parent":0,"menu_order":0,"comment_status":"closed","ping_status":"closed","template":"","meta":{"qubely_global_settings":"","qubely_interactions":"","_coblocks_attr":"","_coblocks_dimensions":"","_coblocks_responsive_height":"","_coblocks_accordion_ie_support":"","_uag_custom_page_level_css":"","footnotes":""},"class_list":["post-102","page","type-page","status-publish","hentry"],"featured_image_urls_v2":{"full":"","thumbnail":"","medium":"","medium_large":"","large":"","1536x1536":"","2048x2048":"","ab-block-post-grid-landscape":"","ab-block-post-grid-square":"","qubely_landscape":"","qubely_portrait":"","qubely_thumbnail":""},"post_excerpt_stackable_v2":"<p>Forl\u00f8b til gymnasiale fagL\u00e6s mereForl\u00f8b til teknisk EUDL\u00e6s mereForl\u00f8b til merkantil EUDL\u00e6s mere<\/p>\n","category_list_v2":"","author_info_v2":{"name":"Mai Kl\u00e6rke","url":"https:\/\/www.projektbaeredygtighed.dk\/?author=2"},"comments_num_v2":"0 comments","featured_image_src":null,"featured_image_src_square":null,"uagb_featured_image_src":{"full":false,"thumbnail":false,"medium":false,"medium_large":false,"large":false,"1536x1536":false,"2048x2048":false,"ab-block-post-grid-landscape":false,"ab-block-post-grid-square":false,"qubely_landscape":false,"qubely_portrait":false,"qubely_thumbnail":false},"uagb_author_info":{"display_name":"Mai Kl\u00e6rke","author_link":"https:\/\/www.projektbaeredygtighed.dk\/?author=2"},"uagb_comment_info":0,"uagb_excerpt":"Forl\u00f8b til gymnasiale fag L\u00e6s mere Forl\u00f8b til teknisk EUD L\u00e6s mere Forl\u00f8b til merkantil EUD L\u00e6s mere","_links":{"self":[{"href":"https:\/\/www.projektbaeredygtighed.dk\/index.php?rest_route=\/wp\/v2\/pages\/102","targetHints":{"allow":["GET"]}}],"collection":[{"href":"https:\/\/www.projektbaeredygtighed.dk\/index.php?rest_route=\/wp\/v2\/pages"}],"about":[{"href":"https:\/\/www.projektbaeredygtighed.dk\/index.php?rest_route=\/wp\/v2\/types\/page"}],"author":[{"embeddable":true,"href":"https:\/\/www.projektbaeredygtighed.dk\/index.php?rest_route=\/wp\/v2\/users\/2"}],"replies":[{"embeddable":true,"href":"https:\/\/www.projektbaeredygtighed.dk\/index.php?rest_route=%2Fwp%2Fv2%2Fcomments&post=102"}],"version-history":[{"count":7,"href":"https:\/\/www.projektbaeredygtighed.dk\/index.php?rest_route=\/wp\/v2\/pages\/102\/revisions"}],"predecessor-version":[{"id":639,"href":"https:\/\/www.projektbaeredygtighed.dk\/index.php?rest_route=\/wp\/v2\/pages\/102\/revisions\/639"}],"wp:attachment":[{"href":"https:\/\/www.projektbaeredygtighed.dk\/index.php?rest_route=%2Fwp%2Fv2%2Fmedia&parent=102"}],"curies":[{"name":"wp","href":"https:\/\/api.w.org\/{rel}","templated":true}]}}